[INFO] cloning repository https://github.com/nicksenger/total-recall-web
[INFO] running `Command { std: "git" "-c" "credential.helper=" "-c" "credential.helper=/workspace/cargo-home/bin/git-credential-null" "clone" "--bare" "https://github.com/nicksenger/total-recall-web" "/workspace/cache/git-repos/https%3A%2F%2Fgithub.com%2Fnicksenger%2Ftotal-recall-web", kill_on_drop: false }`
[INFO] [stderr] Cloning into bare repository '/workspace/cache/git-repos/https%3A%2F%2Fgithub.com%2Fnicksenger%2Ftotal-recall-web'...
[INFO] running `Command { std: "git" "rev-parse" "HEAD", kill_on_drop: false }`
[INFO] [stdout] da973d90cba8c65ef276c3d01bd46550b8b98cc4
[INFO] building nicksenger/total-recall-web against master#881c1ac408d93bb7adaa3a51dabab9266e82eee8 for issue-85264
[INFO] running `Command { std: "git" "clone" "/workspace/cache/git-repos/https%3A%2F%2Fgithub.com%2Fnicksenger%2Ftotal-recall-web" "/workspace/builds/worker-3/source", kill_on_drop: false }`
[INFO] [stderr] Cloning into '/workspace/builds/worker-3/source'...
[INFO] [stderr] done.
[INFO] validating manifest of git repo https://github.com/nicksenger/total-recall-web on toolchain 881c1ac408d93bb7adaa3a51dabab9266e82eee8
[INFO] running `Command { std: "/workspace/cargo-home/bin/cargo" "+881c1ac408d93bb7adaa3a51dabab9266e82eee8" "metadata" "--manifest-path" "Cargo.toml" "--no-deps", kill_on_drop: false }`
[INFO] started tweaking git repo https://github.com/nicksenger/total-recall-web
[INFO] finished tweaking git repo https://github.com/nicksenger/total-recall-web
[INFO] tweaked toml for git repo https://github.com/nicksenger/total-recall-web written to /workspace/builds/worker-3/source/Cargo.toml
[INFO] running `Command { std: "/workspace/cargo-home/bin/cargo" "+881c1ac408d93bb7adaa3a51dabab9266e82eee8" "generate-lockfile" "--manifest-path" "Cargo.toml" "-Zno-index-update", kill_on_drop: false }`
[INFO] running `Command { std: "/workspace/cargo-home/bin/cargo" "+881c1ac408d93bb7adaa3a51dabab9266e82eee8" "fetch" "--manifest-path" "Cargo.toml", kill_on_drop: false }`
[INFO] [stderr]  Downloading crates ...
[INFO] [stderr]   Downloaded graphql-introspection-query v0.1.0
[INFO] [stderr]   Downloaded enclose v1.1.8
[INFO] [stderr]   Downloaded graphql_client v0.9.0
[INFO] [stderr]   Downloaded graphql-parser v0.2.3
[INFO] [stderr]   Downloaded graphql_query_derive v0.9.0
[INFO] [stderr]   Downloaded graphql_client_codegen v0.9.0
[INFO] [stderr]   Downloaded atomic_hooks_macros v0.1.3
[INFO] [stderr]   Downloaded illicit-macro v0.9.0
[INFO] [stderr]   Downloaded topo-macro v0.9.0
[INFO] [stderr]   Downloaded atomic_hooks v0.1.0
[INFO] [stderr]   Downloaded illicit v0.9.2
[INFO] [stderr]   Downloaded seed_hooks v0.1.4
[INFO] [stderr]   Downloaded seed_style_preview v0.1.8
[INFO] [stderr]   Downloaded pulldown-cmark v0.7.2
[INFO] [stderr]   Downloaded objekt-clonable-impl v0.2.2
[INFO] [stderr]   Downloaded objekt-clonable v0.2.2
[INFO] [stderr]   Downloaded syn-mid v0.5.3
[INFO] [stderr]   Downloaded eager v0.1.0
[INFO] [stderr]   Downloaded topo v0.9.4
[INFO] [stderr]   Downloaded dbg v1.0.4
[INFO] [stderr]   Downloaded seed_style_macros v0.1.4
[INFO] [stderr]   Downloaded seed v0.7.0
[INFO] [stderr]   Downloaded harsh v0.1.7
[INFO] running `Command { std: "docker" "create" "-v" "/var/lib/crater-agent-workspace/builds/worker-3/target:/opt/rustwide/target:rw,Z" "-v" "/var/lib/crater-agent-workspace/builds/worker-3/source:/opt/rustwide/workdir:ro,Z" "-v" "/var/lib/crater-agent-workspace/cargo-home:/opt/rustwide/cargo-home:ro,Z" "-v" "/var/lib/crater-agent-workspace/rustup-home:/opt/rustwide/rustup-home:ro,Z" "-e" "SOURCE_DIR=/opt/rustwide/workdir" "-e" "CARGO_TARGET_DIR=/opt/rustwide/target" "-e" "CARGO_HOME=/opt/rustwide/cargo-home" "-e" "RUSTUP_HOME=/opt/rustwide/rustup-home" "-w" "/opt/rustwide/workdir" "-m" "1610612736" "--user" "0:0" "--network" "none" "ghcr.io/rust-lang/crates-build-env/linux@sha256:20528e8c29e4536546f0102ce88568b16ea7538393a33fcca951030f7af10457" "/opt/rustwide/cargo-home/bin/cargo" "+881c1ac408d93bb7adaa3a51dabab9266e82eee8" "metadata" "--no-deps" "--format-version=1", kill_on_drop: false }`
[INFO] [stdout] 19a229ef35c768123a3f461e50cdce9fd1aa4b49012502233fa0e95bb6c581b4
[INFO] [stderr] WARNING: Your kernel does not support swap limit capabilities or the cgroup is not mounted. Memory limited without swap.
[INFO] running `Command { std: "docker" "start" "-a" "19a229ef35c768123a3f461e50cdce9fd1aa4b49012502233fa0e95bb6c581b4", kill_on_drop: false }`
[INFO] running `Command { std: "docker" "inspect" "19a229ef35c768123a3f461e50cdce9fd1aa4b49012502233fa0e95bb6c581b4", kill_on_drop: false }`
[INFO] running `Command { std: "docker" "rm" "-f" "19a229ef35c768123a3f461e50cdce9fd1aa4b49012502233fa0e95bb6c581b4", kill_on_drop: false }`
[INFO] [stdout] 19a229ef35c768123a3f461e50cdce9fd1aa4b49012502233fa0e95bb6c581b4
[INFO] running `Command { std: "docker" "create" "-v" "/var/lib/crater-agent-workspace/builds/worker-3/target:/opt/rustwide/target:rw,Z" "-v" "/var/lib/crater-agent-workspace/builds/worker-3/source:/opt/rustwide/workdir:ro,Z" "-v" "/var/lib/crater-agent-workspace/cargo-home:/opt/rustwide/cargo-home:ro,Z" "-v" "/var/lib/crater-agent-workspace/rustup-home:/opt/rustwide/rustup-home:ro,Z" "-e" "SOURCE_DIR=/opt/rustwide/workdir" "-e" "CARGO_TARGET_DIR=/opt/rustwide/target" "-e" "CARGO_INCREMENTAL=0" "-e" "RUST_BACKTRACE=full" "-e" "RUSTFLAGS=--cap-lints=forbid" "-e" "CARGO_HOME=/opt/rustwide/cargo-home" "-e" "RUSTUP_HOME=/opt/rustwide/rustup-home" "-w" "/opt/rustwide/workdir" "-m" "1610612736" "--user" "0:0" "--network" "none" "ghcr.io/rust-lang/crates-build-env/linux@sha256:20528e8c29e4536546f0102ce88568b16ea7538393a33fcca951030f7af10457" "/opt/rustwide/cargo-home/bin/cargo" "+881c1ac408d93bb7adaa3a51dabab9266e82eee8" "build" "--frozen" "--message-format=json", kill_on_drop: false }`
[INFO] [stdout] f1da1d949425bf5aa226d73732945bc73f8311b8b5adf6abeff5582b0ef965cf
[INFO] [stderr] WARNING: Your kernel does not support swap limit capabilities or the cgroup is not mounted. Memory limited without swap.
[INFO] running `Command { std: "docker" "start" "-a" "f1da1d949425bf5aa226d73732945bc73f8311b8b5adf6abeff5582b0ef965cf", kill_on_drop: false }`
[INFO] [stderr]    Compiling proc-macro2 v1.0.27
[INFO] [stderr]    Compiling unicode-xid v0.2.2
[INFO] [stderr]    Compiling syn v1.0.72
[INFO] [stderr]    Compiling version_check v0.9.3
[INFO] [stderr]    Compiling cfg-if v1.0.0
[INFO] [stderr]    Compiling autocfg v1.0.1
[INFO] [stderr]    Compiling libc v0.2.95
[INFO] [stderr]    Compiling serde_derive v1.0.126
[INFO] [stderr]    Compiling serde v1.0.126
[INFO] [stderr]    Compiling lazy_static v1.4.0
[INFO] [stderr]    Compiling log v0.4.14
[INFO] [stderr]    Compiling serde_json v1.0.64
[INFO] [stderr]    Compiling wasm-bindgen-shared v0.2.74
[INFO] [stderr]    Compiling itoa v0.4.7
[INFO] [stderr]    Compiling bumpalo v3.7.0
[INFO] [stderr]    Compiling proc-macro-hack v0.5.19
[INFO] [stderr]    Compiling wasm-bindgen v0.2.74
[INFO] [stderr]    Compiling futures-core v0.3.15
[INFO] [stderr]    Compiling futures-channel v0.3.15
[INFO] [stderr]    Compiling getrandom v0.1.16
[INFO] [stderr]    Compiling futures-sink v0.3.15
[INFO] [stderr]    Compiling proc-macro-nested v0.1.7
[INFO] [stderr]    Compiling stable_deref_trait v1.2.0
[INFO] [stderr]    Compiling const_fn v0.4.8
[INFO] [stderr]    Compiling strsim v0.9.3
[INFO] [stderr]    Compiling ident_case v1.0.1
[INFO] [stderr]    Compiling pin-utils v0.1.0
[INFO] [stderr]    Compiling slab v0.4.3
[INFO] [stderr]    Compiling adler v1.0.2
[INFO] [stderr]    Compiling pin-project-lite v0.2.6
[INFO] [stderr]    Compiling version_check v0.1.5
[INFO] [stderr]    Compiling gimli v0.24.0
[INFO] [stderr]    Compiling proc-macro2 v0.4.30
[INFO] [stderr]    Compiling scopeguard v1.1.0
[INFO] [stderr]    Compiling bitflags v1.2.1
[INFO] [stderr]    Compiling failure_derive v0.1.8
[INFO] [stderr]    Compiling futures-io v0.3.15
[INFO] [stderr]    Compiling object v0.24.0
[INFO] [stderr]    Compiling unicode-xid v0.1.0
[INFO] [stderr]    Compiling rustc-demangle v0.1.19
[INFO] [stderr]    Compiling unicode-width v0.1.8
[INFO] [stderr]    Compiling traitobject v0.1.0
[INFO] [stderr]    Compiling unicode-segmentation v1.7.1
[INFO] [stderr]    Compiling pulldown-cmark v0.7.2
[INFO] [stderr]    Compiling ppv-lite86 v0.2.10
[INFO] [stderr]    Compiling void v1.0.2
[INFO] [stderr]    Compiling syn v0.15.44
[INFO] [stderr]    Compiling byteorder v1.4.3
[INFO] [stderr]    Compiling ascii v0.9.3
[INFO] [stderr]    Compiling percent-encoding v2.1.0
[INFO] [stderr]    Compiling hashbrown v0.9.1
[INFO] [stderr]    Compiling either v1.6.1
[INFO] [stderr]    Compiling cfg-if v0.1.10
[INFO] [stderr]    Compiling anymap v0.12.1
[INFO] [stderr]    Compiling slotmap v0.4.0
[INFO] [stderr]    Compiling enclose v1.1.8
[INFO] [stderr]    Compiling convert_case v0.4.0
[INFO] [stderr]    Compiling doc-comment v0.3.3
[INFO] [stderr]    Compiling eager v0.1.0
[INFO] [stderr]    Compiling objekt v0.1.2
[INFO] [stderr]    Compiling harsh v0.1.7
[INFO] [stderr]    Compiling backtrace v0.3.59
[INFO] [stderr]    Compiling owning_ref v0.4.1
[INFO] [stderr]    Compiling getopts v0.2.21
[INFO] [stderr]    Compiling unsafe-any v0.4.2
[INFO] [stderr]    Compiling unreachable v1.0.0
[INFO] [stderr]    Compiling heck v0.3.2
[INFO] [stderr]    Compiling typemap v0.3.3
[INFO] [stderr]    Compiling dbg v1.0.4
[INFO] [stderr]    Compiling combine v3.8.1
[INFO] [stderr]    Compiling proc-macro-error-attr v0.4.12
[INFO] [stderr]    Compiling standback v0.2.17
[INFO] [stderr]    Compiling proc-macro-error v0.4.12
[INFO] [stderr]    Compiling time v0.2.26
[INFO] [stderr]    Compiling unicase v2.6.0
[INFO] [stderr]    Compiling seed v0.7.0
[INFO] [stderr]    Compiling futures-macro v0.3.15
[INFO] [stderr]    Compiling miniz_oxide v0.4.4
[INFO] [stderr]    Compiling futures-util v0.3.15
[INFO] [stderr]    Compiling indexmap v1.6.2
[INFO] [stderr]    Compiling num-traits v0.2.14
[INFO] [stderr]    Compiling getrandom v0.2.3
[INFO] [stderr]    Compiling rand_core v0.5.1
[INFO] [stderr]    Compiling quote v0.6.13
[INFO] [stderr]    Compiling quote v1.0.9
[INFO] [stderr]    Compiling uuid v0.8.2
[INFO] [stderr]    Compiling rand_pcg v0.2.1
[INFO] [stderr]    Compiling rand_chacha v0.2.2
[INFO] [stderr]    Compiling rand v0.7.3
[INFO] [stderr]    Compiling ordered-float v1.1.1
[INFO] [stderr]    Compiling addr2line v0.15.1
[INFO] [stderr]    Compiling wasm-bindgen-backend v0.2.74
[INFO] [stderr]    Compiling syn-mid v0.5.3
[INFO] [stderr]    Compiling darling_core v0.10.2
[INFO] [stderr]    Compiling synstructure v0.12.4
[INFO] [stderr]    Compiling wasm-bindgen-macro-support v0.2.74
[INFO] [stderr]    Compiling objekt-clonable-impl v0.2.2
[INFO] [stderr]    Compiling wasm-bindgen-macro v0.2.74
[INFO] [stderr]    Compiling time-macros-impl v0.1.1
[INFO] [stderr]    Compiling topo-macro v0.9.0
[INFO] [stderr]    Compiling derive_more v0.99.14
[INFO] [stderr]    Compiling darling_macro v0.10.2
[INFO] [stderr]    Compiling objekt-clonable v0.2.2
[INFO] [stderr]    Compiling failure v0.1.8
[INFO] [stderr]    Compiling illicit-macro v0.9.0
[INFO] [stderr]    Compiling time-macros v0.1.1
[INFO] [stderr]    Compiling darling v0.10.2
[INFO] [stderr]    Compiling graphql-parser v0.2.3
[INFO] [stderr]    Compiling cookie v0.13.3
[INFO] [stderr]    Compiling illicit v0.9.2
[INFO] [stderr]    Compiling topo v0.9.4
[INFO] [stderr]    Compiling atomic_hooks_macros v0.1.3
[INFO] [stderr]    Compiling atomic_hooks v0.1.0
[INFO] [stderr]    Compiling futures-executor v0.3.15
[INFO] [stderr]    Compiling futures v0.3.15
[INFO] [stderr]    Compiling graphql-introspection-query v0.1.0
[INFO] [stderr]    Compiling graphql_client_codegen v0.9.0
[INFO] [stderr]    Compiling js-sys v0.3.51
[INFO] [stderr]    Compiling console_error_panic_hook v0.1.6
[INFO] [stderr]    Compiling web-sys v0.3.51
[INFO] [stderr]    Compiling wasm-bindgen-futures v0.4.24
[INFO] [stderr]    Compiling graphql_query_derive v0.9.0
[INFO] [stderr]    Compiling graphql_client v0.9.0
[INFO] [stderr]    Compiling gloo-events v0.1.1
[INFO] [stderr]    Compiling gloo-timers v0.2.1
[INFO] [stderr]    Compiling gloo-file v0.1.0
[INFO] [stderr]    Compiling seed_hooks v0.1.4
[INFO] [stderr]    Compiling seed_style_macros v0.1.4
[INFO] [stderr]    Compiling seed_style_preview v0.1.8
[INFO] [stderr]    Compiling total-recall-web v0.1.0 (/opt/rustwide/workdir)
[INFO] [stdout] error: proc-macro derive panicked
[INFO] [stdout]   --> src/operations/authentication.rs:16:10
[INFO] [stdout]    |
[INFO] [stdout] 16 | #[derive(GraphQLQuery)]
[INFO] [stdout]    |          ^^^^^^^^^^^^
[INFO] [stdout]    |
[INFO] [stdout]    = help: message: Code generation failed.
[INFO] [stdout]            
[INFO] [stdout]                        Could not find file with path: /opt/rustwide/workdir/src/operations/schema.json
[INFO] [stdout]                        Hint: file paths in the GraphQLQuery attribute are relative to the project root (location of the Cargo.toml). Example: query_path = "src/my_query.graphql".
[INFO] [stdout]                        
[INFO] [stdout]            No such file or directory (os error 2)
[INFO] [stdout] 
[INFO] [stdout] 
[INFO] [stdout] error: proc-macro derive panicked
[INFO] [stdout]   --> src/operations/cards.rs:21:18
[INFO] [stdout]    |
[INFO] [stdout] 21 |         #[derive(GraphQLQuery)]
[INFO] [stdout]    |                  ^^^^^^^^^^^^
[INFO] [stdout] ...
[INFO] [stdout] 30 | generate_query!(DeckCards);
[INFO] [stdout]    | --------------------------- in this macro invocation
[INFO] [stdout]    |
[INFO] [stdout]    = help: message: Code generation failed.
[INFO] [stdout]            
[INFO] [stdout]                        Could not find file with path: /opt/rustwide/workdir/src/operations/schema.json
[INFO] [stdout]                        Hint: file paths in the GraphQLQuery attribute are relative to the project root (location of the Cargo.toml). Example: query_path = "src/my_query.graphql".
[INFO] [stdout]                        
[INFO] [stdout]            No such file or directory (os error 2)
[INFO] [stdout]    = note: this error originates in a macro (in Nightly builds, run with -Z macro-backtrace for more info)
[INFO] [stdout] 
[INFO] [stdout] 
[INFO] [stdout] error: proc-macro derive panicked
[INFO] [stdout]   --> src/operations/cards.rs:21:18
[INFO] [stdout]    |
[INFO] [stdout] 21 |         #[derive(GraphQLQuery)]
[INFO] [stdout]    |                  ^^^^^^^^^^^^
[INFO] [stdout] ...
[INFO] [stdout] 31 | generate_query!(CreateCard);
[INFO] [stdout]    | ---------------------------- in this macro invocation
[INFO] [stdout]    |
[INFO] [stdout]    = help: message: Code generation failed.
[INFO] [stdout]            
[INFO] [stdout]                        Could not find file with path: /opt/rustwide/workdir/src/operations/schema.json
[INFO] [stdout]                        Hint: file paths in the GraphQLQuery attribute are relative to the project root (location of the Cargo.toml). Example: query_path = "src/my_query.graphql".
[INFO] [stdout]                        
[INFO] [stdout]            No such file or directory (os error 2)
[INFO] [stdout]    = note: this error originates in a macro (in Nightly builds, run with -Z macro-backtrace for more info)
[INFO] [stdout] 
[INFO] [stdout] 
[INFO] [stdout] error: proc-macro derive panicked
[INFO] [stdout]   --> src/operations/cards.rs:21:18
[INFO] [stdout]    |
[INFO] [stdout] 21 |         #[derive(GraphQLQuery)]
[INFO] [stdout]    |                  ^^^^^^^^^^^^
[INFO] [stdout] ...
[INFO] [stdout] 32 | generate_query!(DeleteCard);
[INFO] [stdout]    | ---------------------------- in this macro invocation
[INFO] [stdout]    |
[INFO] [stdout]    = help: message: Code generation failed.
[INFO] [stdout]            
[INFO] [stdout]                        Could not find file with path: /opt/rustwide/workdir/src/operations/schema.json
[INFO] [stdout]                        Hint: file paths in the GraphQLQuery attribute are relative to the project root (location of the Cargo.toml). Example: query_path = "src/my_query.graphql".
[INFO] [stdout]                        
[INFO] [stdout]            No such file or directory (os error 2)
[INFO] [stdout]    = note: this error originates in a macro (in Nightly builds, run with -Z macro-backtrace for more info)
[INFO] [stdout] 
[INFO] [stdout] 
[INFO] [stdout] error: proc-macro derive panicked
[INFO] [stdout]   --> src/operations/cards.rs:21:18
[INFO] [stdout]    |
[INFO] [stdout] 21 |         #[derive(GraphQLQuery)]
[INFO] [stdout]    |                  ^^^^^^^^^^^^
[INFO] [stdout] ...
[INFO] [stdout] 33 | generate_query!(EditCardLink);
[INFO] [stdout]    | ------------------------------ in this macro invocation
[INFO] [stdout]    |
[INFO] [stdout]    = help: message: Code generation failed.
[INFO] [stdout]            
[INFO] [stdout]                        Could not find file with path: /opt/rustwide/workdir/src/operations/schema.json
[INFO] [stdout]                        Hint: file paths in the GraphQLQuery attribute are relative to the project root (location of the Cargo.toml). Example: query_path = "src/my_query.graphql".
[INFO] [stdout]                        
[INFO] [stdout]            No such file or directory (os error 2)
[INFO] [stdout]    = note: this error originates in a macro (in Nightly builds, run with -Z macro-backtrace for more info)
[INFO] [stdout] 
[INFO] [stdout] 
[INFO] [stdout] error: proc-macro derive panicked
[INFO] [stdout]   --> src/operations/decks.rs:23:18
[INFO] [stdout]    |
[INFO] [stdout] 23 |         #[derive(GraphQLQuery)]
[INFO] [stdout]    |                  ^^^^^^^^^^^^
[INFO] [stdout] ...
[INFO] [stdout] 32 | generate_query!(LanguageList);
[INFO] [stdout]    | ------------------------------ in this macro invocation
[INFO] [stdout]    |
[INFO] [stdout]    = help: message: Code generation failed.
[INFO] [stdout]            
[INFO] [stdout]                        Could not find file with path: /opt/rustwide/workdir/src/operations/schema.json
[INFO] [stdout]                        Hint: file paths in the GraphQLQuery attribute are relative to the project root (location of the Cargo.toml). Example: query_path = "src/my_query.graphql".
[INFO] [stdout]                        
[INFO] [stdout]            No such file or directory (os error 2)
[INFO] [stdout]    = note: this error originates in a macro (in Nightly builds, run with -Z macro-backtrace for more info)
[INFO] [stdout] 
[INFO] [stdout] 
[INFO] [stdout] error: proc-macro derive panicked
[INFO] [stdout]   --> src/operations/decks.rs:23:18
[INFO] [stdout]    |
[INFO] [stdout] 23 |         #[derive(GraphQLQuery)]
[INFO] [stdout]    |                  ^^^^^^^^^^^^
[INFO] [stdout] ...
[INFO] [stdout] 33 | generate_query!(UserDecks);
[INFO] [stdout]    | --------------------------- in this macro invocation
[INFO] [stdout]    |
[INFO] [stdout]    = help: message: Code generation failed.
[INFO] [stdout]            
[INFO] [stdout]                        Could not find file with path: /opt/rustwide/workdir/src/operations/schema.json
[INFO] [stdout]                        Hint: file paths in the GraphQLQuery attribute are relative to the project root (location of the Cargo.toml). Example: query_path = "src/my_query.graphql".
[INFO] [stdout]                        
[INFO] [stdout]            No such file or directory (os error 2)
[INFO] [stdout]    = note: this error originates in a macro (in Nightly builds, run with -Z macro-backtrace for more info)
[INFO] [stdout] 
[INFO] [stdout] 
[INFO] [stdout] error: proc-macro derive panicked
[INFO] [stdout]   --> src/operations/decks.rs:23:18
[INFO] [stdout]    |
[INFO] [stdout] 23 |         #[derive(GraphQLQuery)]
[INFO] [stdout]    |                  ^^^^^^^^^^^^
[INFO] [stdout] ...
[INFO] [stdout] 34 | generate_query!(CreateDeck);
[INFO] [stdout]    | ---------------------------- in this macro invocation
[INFO] [stdout]    |
[INFO] [stdout]    = help: message: Code generation failed.
[INFO] [stdout]            
[INFO] [stdout]                        Could not find file with path: /opt/rustwide/workdir/src/operations/schema.json
[INFO] [stdout]                        Hint: file paths in the GraphQLQuery attribute are relative to the project root (location of the Cargo.toml). Example: query_path = "src/my_query.graphql".
[INFO] [stdout]                        
[INFO] [stdout]            No such file or directory (os error 2)
[INFO] [stdout]    = note: this error originates in a macro (in Nightly builds, run with -Z macro-backtrace for more info)
[INFO] [stdout] 
[INFO] [stdout] 
[INFO] [stdout] error: proc-macro derive panicked
[INFO] [stdout]   --> src/operations/decks.rs:23:18
[INFO] [stdout]    |
[INFO] [stdout] 23 |         #[derive(GraphQLQuery)]
[INFO] [stdout]    |                  ^^^^^^^^^^^^
[INFO] [stdout] ...
[INFO] [stdout] 35 | generate_query!(DeleteDeck);
[INFO] [stdout]    | ---------------------------- in this macro invocation
[INFO] [stdout]    |
[INFO] [stdout]    = help: message: Code generation failed.
[INFO] [stdout]            
[INFO] [stdout]                        Could not find file with path: /opt/rustwide/workdir/src/operations/schema.json
[INFO] [stdout]                        Hint: file paths in the GraphQLQuery attribute are relative to the project root (location of the Cargo.toml). Example: query_path = "src/my_query.graphql".
[INFO] [stdout]                        
[INFO] [stdout]            No such file or directory (os error 2)
[INFO] [stdout]    = note: this error originates in a macro (in Nightly builds, run with -Z macro-backtrace for more info)
[INFO] [stdout] 
[INFO] [stdout] 
[INFO] [stdout] error: proc-macro derive panicked
[INFO] [stdout]   --> src/operations/session.rs:15:10
[INFO] [stdout]    |
[INFO] [stdout] 15 | #[derive(GraphQLQuery)]
[INFO] [stdout]    |          ^^^^^^^^^^^^
[INFO] [stdout]    |
[INFO] [stdout]    = help: message: Code generation failed.
[INFO] [stdout]            
[INFO] [stdout]                        Could not find file with path: /opt/rustwide/workdir/src/operations/schema.json
[INFO] [stdout]                        Hint: file paths in the GraphQLQuery attribute are relative to the project root (location of the Cargo.toml). Example: query_path = "src/my_query.graphql".
[INFO] [stdout]                        
[INFO] [stdout]            No such file or directory (os error 2)
[INFO] [stdout] 
[INFO] [stdout] 
[INFO] [stdout] error: proc-macro derive panicked
[INFO] [stdout]   --> src/operations/sets.rs:17:18
[INFO] [stdout]    |
[INFO] [stdout] 17 |         #[derive(GraphQLQuery)]
[INFO] [stdout]    |                  ^^^^^^^^^^^^
[INFO] [stdout] ...
[INFO] [stdout] 26 | generate_query!(UserSets);
[INFO] [stdout]    | -------------------------- in this macro invocation
[INFO] [stdout]    |
[INFO] [stdout]    = help: message: Code generation failed.
[INFO] [stdout]            
[INFO] [stdout]                        Could not find file with path: /opt/rustwide/workdir/src/operations/schema.json
[INFO] [stdout]                        Hint: file paths in the GraphQLQuery attribute are relative to the project root (location of the Cargo.toml). Example: query_path = "src/my_query.graphql".
[INFO] [stdout]                        
[INFO] [stdout]            No such file or directory (os error 2)
[INFO] [stdout]    = note: this error originates in a macro (in Nightly builds, run with -Z macro-backtrace for more info)
[INFO] [stdout] 
[INFO] [stdout] 
[INFO] [stdout] error: proc-macro derive panicked
[INFO] [stdout]   --> src/operations/sets.rs:17:18
[INFO] [stdout]    |
[INFO] [stdout] 17 |         #[derive(GraphQLQuery)]
[INFO] [stdout]    |                  ^^^^^^^^^^^^
[INFO] [stdout] ...
[INFO] [stdout] 27 | generate_query!(CreateSet);
[INFO] [stdout]    | --------------------------- in this macro invocation
[INFO] [stdout]    |
[INFO] [stdout]    = help: message: Code generation failed.
[INFO] [stdout]            
[INFO] [stdout]                        Could not find file with path: /opt/rustwide/workdir/src/operations/schema.json
[INFO] [stdout]                        Hint: file paths in the GraphQLQuery attribute are relative to the project root (location of the Cargo.toml). Example: query_path = "src/my_query.graphql".
[INFO] [stdout]                        
[INFO] [stdout]            No such file or directory (os error 2)
[INFO] [stdout]    = note: this error originates in a macro (in Nightly builds, run with -Z macro-backtrace for more info)
[INFO] [stdout] 
[INFO] [stdout] 
[INFO] [stdout] error: proc-macro derive panicked
[INFO] [stdout]   --> src/operations/sets.rs:17:18
[INFO] [stdout]    |
[INFO] [stdout] 17 |         #[derive(GraphQLQuery)]
[INFO] [stdout]    |                  ^^^^^^^^^^^^
[INFO] [stdout] ...
[INFO] [stdout] 28 | generate_query!(DeleteSet);
[INFO] [stdout]    | --------------------------- in this macro invocation
[INFO] [stdout]    |
[INFO] [stdout]    = help: message: Code generation failed.
[INFO] [stdout]            
[INFO] [stdout]                        Could not find file with path: /opt/rustwide/workdir/src/operations/schema.json
[INFO] [stdout]                        Hint: file paths in the GraphQLQuery attribute are relative to the project root (location of the Cargo.toml). Example: query_path = "src/my_query.graphql".
[INFO] [stdout]                        
[INFO] [stdout]            No such file or directory (os error 2)
[INFO] [stdout]    = note: this error originates in a macro (in Nightly builds, run with -Z macro-backtrace for more info)
[INFO] [stdout] 
[INFO] [stdout] 
[INFO] [stdout] error[E0433]: failed to resolve: could not find `register` in `authentication`
[INFO] [stdout]   --> src/messages/authentication.rs:41:64
[INFO] [stdout]    |
[INFO] [stdout] 41 |     RegistrationFetched(fetch::Result<Response<authentication::register::ResponseData>>),
[INFO] [stdout]    |                                                                ^^^^^^^^ could not find `register` in `authentication`
[INFO] [stdout] 
[INFO] [stdout] 
[INFO] [stdout] error[E0433]: failed to resolve: could not find `create_card` in `cards`
[INFO] [stdout]   --> src/messages/cards.rs:50:39
[INFO] [stdout]    |
[INFO] [stdout] 50 |         fetch::Result<Response<cards::create_card::ResponseData>>,
[INFO] [stdout]    |                                       ^^^^^^^^^^^ could not find `create_card` in `cards`
[INFO] [stdout] 
[INFO] [stdout] 
[INFO] [stdout] error[E0433]: failed to resolve: could not find `delete_card` in `cards`
[INFO] [stdout]   --> src/messages/cards.rs:57:39
[INFO] [stdout]    |
[INFO] [stdout] 57 |         fetch::Result<Response<cards::delete_card::ResponseData>>,
[INFO] [stdout]    |                                       ^^^^^^^^^^^ could not find `delete_card` in `cards`
[INFO] [stdout] 
[INFO] [stdout] 
[INFO] [stdout] error[E0433]: failed to resolve: could not find `edit_card_link` in `cards`
[INFO] [stdout]   --> src/messages/cards.rs:65:39
[INFO] [stdout]    |
[INFO] [stdout] 65 |         fetch::Result<Response<cards::edit_card_link::ResponseData>>,
[INFO] [stdout]    |                                       ^^^^^^^^^^^^^^ could not find `edit_card_link` in `cards`
[INFO] [stdout] 
[INFO] [stdout] 
[INFO] [stdout] error[E0433]: failed to resolve: could not find `deck_cards` in `cards`
[INFO] [stdout]   --> src/messages/cards.rs:72:39
[INFO] [stdout]    |
[INFO] [stdout] 72 |         fetch::Result<Response<cards::deck_cards::ResponseData>>,
[INFO] [stdout]    |                                       ^^^^^^^^^^ could not find `deck_cards` in `cards`
[INFO] [stdout] 
[INFO] [stdout] 
[INFO] [stdout] error[E0433]: failed to resolve: could not find `create_deck` in `decks`
[INFO] [stdout]   --> src/messages/decks.rs:43:39
[INFO] [stdout]    |
[INFO] [stdout] 43 |         fetch::Result<Response<decks::create_deck::ResponseData>>,
[INFO] [stdout]    |                                       ^^^^^^^^^^^ could not find `create_deck` in `decks`
[INFO] [stdout] 
[INFO] [stdout] 
[INFO] [stdout] error[E0433]: failed to resolve: could not find `delete_deck` in `decks`
[INFO] [stdout]   --> src/messages/decks.rs:50:39
[INFO] [stdout]    |
[INFO] [stdout] 50 |         fetch::Result<Response<decks::delete_deck::ResponseData>>,
[INFO] [stdout]    |                                       ^^^^^^^^^^^ could not find `delete_deck` in `decks`
[INFO] [stdout] 
[INFO] [stdout] 
[INFO] [stdout] error[E0433]: failed to resolve: could not find `user_decks` in `decks`
[INFO] [stdout]   --> src/messages/decks.rs:57:39
[INFO] [stdout]    |
[INFO] [stdout] 57 |         fetch::Result<Response<decks::user_decks::ResponseData>>,
[INFO] [stdout]    |                                       ^^^^^^^^^^ could not find `user_decks` in `decks`
[INFO] [stdout] 
[INFO] [stdout] 
[INFO] [stdout] error[E0433]: failed to resolve: could not find `language_list` in `decks`
[INFO] [stdout]   --> src/messages/decks.rs:62:55
[INFO] [stdout]    |
[INFO] [stdout] 62 |     GetLanguagesFetched(fetch::Result<Response<decks::language_list::ResponseData>>),
[INFO] [stdout]    |                                                       ^^^^^^^^^^^^^ could not find `language_list` in `decks`
[INFO] [stdout] 
[INFO] [stdout] 
[INFO] [stdout] error[E0433]: failed to resolve: could not find `rate_card` in `session`
[INFO] [stdout]   --> src/messages/session.rs:51:41
[INFO] [stdout]    |
[INFO] [stdout] 51 |         fetch::Result<Response<session::rate_card::ResponseData>>,
[INFO] [stdout]    |                                         ^^^^^^^^^ could not find `rate_card` in `session`
[INFO] [stdout] 
[INFO] [stdout] 
[INFO] [stdout] error[E0433]: failed to resolve: could not find `create_set` in `sets`
[INFO] [stdout]   --> src/messages/sets.rs:39:38
[INFO] [stdout]    |
[INFO] [stdout] 39 |         fetch::Result<Response<sets::create_set::ResponseData>>,
[INFO] [stdout]    |                                      ^^^^^^^^^^ could not find `create_set` in `sets`
[INFO] [stdout] 
[INFO] [stdout] 
[INFO] [stdout] error[E0433]: failed to resolve: could not find `delete_set` in `sets`
[INFO] [stdout]   --> src/messages/sets.rs:46:38
[INFO] [stdout]    |
[INFO] [stdout] 46 |         fetch::Result<Response<sets::delete_set::ResponseData>>,
[INFO] [stdout]    |                                      ^^^^^^^^^^ could not find `delete_set` in `sets`
[INFO] [stdout] 
[INFO] [stdout] 
[INFO] [stdout] error[E0433]: failed to resolve: could not find `user_sets` in `sets`
[INFO] [stdout]   --> src/messages/sets.rs:53:38
[INFO] [stdout]    |
[INFO] [stdout] 53 |         fetch::Result<Response<sets::user_sets::ResponseData>>,
[INFO] [stdout]    |                                      ^^^^^^^^^ could not find `user_sets` in `sets`
[INFO] [stdout] 
[INFO] [stdout] 
[INFO] [stdout] error[E0433]: failed to resolve: use of undeclared crate or module `register`
[INFO] [stdout]   --> src/operations/authentication.rs:72:48
[INFO] [stdout]    |
[INFO] [stdout] 72 |                         &Register::build_query(register::Variables { username, password }),
[INFO] [stdout]    |                                                ^^^^^^^^ use of undeclared crate or module `register`
[INFO] [stdout] 
[INFO] [stdout] 
[INFO] [stdout] error[E0433]: failed to resolve: use of undeclared crate or module `create_card`
[INFO] [stdout]   --> src/operations/cards.rs:47:50
[INFO] [stdout]    |
[INFO] [stdout] 47 |                         &CreateCard::build_query(create_card::Variables {
[INFO] [stdout]    |                                                  ^^^^^^^^^^^ use of undeclared crate or module `create_card`
[INFO] [stdout] 
[INFO] [stdout] 
[INFO] [stdout] error[E0433]: failed to resolve: use of undeclared crate or module `deck_cards`
[INFO] [stdout]   --> src/operations/cards.rs:85:49
[INFO] [stdout]    |
[INFO] [stdout] 85 |                         &DeckCards::build_query(deck_cards::Variables {
[INFO] [stdout]    |                                                 ^^^^^^^^^^ use of undeclared crate or module `deck_cards`
[INFO] [stdout] 
[INFO] [stdout] 
[INFO] [stdout] error[E0433]: failed to resolve: use of undeclared crate or module `deck_cards`
[INFO] [stdout]    --> src/operations/cards.rs:118:37
[INFO] [stdout]     |
[INFO] [stdout] 118 | ...                   deck_cards::ScoreValue::ZERO => ScoreValue::Zero,
[INFO] [stdout]     |                       ^^^^^^^^^^ use of undeclared crate or module `deck_cards`
[INFO] [stdout] 
[INFO] [stdout] 
[INFO] [stdout] error[E0433]: failed to resolve: use of undeclared crate or module `deck_cards`
[INFO] [stdout]    --> src/operations/cards.rs:119:37
[INFO] [stdout]     |
[INFO] [stdout] 119 | ...                   deck_cards::ScoreValue::ONE => ScoreValue::One,
[INFO] [stdout]     |                       ^^^^^^^^^^ use of undeclared crate or module `deck_cards`
[INFO] [stdout] 
[INFO] [stdout] 
[INFO] [stdout] error[E0433]: failed to resolve: use of undeclared crate or module `deck_cards`
[INFO] [stdout]    --> src/operations/cards.rs:120:37
[INFO] [stdout]     |
[INFO] [stdout] 120 | ...                   deck_cards::ScoreValue::TWO => ScoreValue::Two,
[INFO] [stdout]     |                       ^^^^^^^^^^ use of undeclared crate or module `deck_cards`
[INFO] [stdout] 
[INFO] [stdout] 
[INFO] [stdout] error[E0433]: failed to resolve: use of undeclared crate or module `deck_cards`
[INFO] [stdout]    --> src/operations/cards.rs:121:37
[INFO] [stdout]     |
[INFO] [stdout] 121 | ...                   deck_cards::ScoreValue::THREE => ScoreValue::Three,
[INFO] [stdout]     |                       ^^^^^^^^^^ use of undeclared crate or module `deck_cards`
[INFO] [stdout] 
[INFO] [stdout] 
[INFO] [stdout] error[E0433]: failed to resolve: use of undeclared crate or module `deck_cards`
[INFO] [stdout]    --> src/operations/cards.rs:122:37
[INFO] [stdout]     |
[INFO] [stdout] 122 | ...                   deck_cards::ScoreValue::FOUR => ScoreValue::Four,
[INFO] [stdout]     |                       ^^^^^^^^^^ use of undeclared crate or module `deck_cards`
[INFO] [stdout] 
[INFO] [stdout] 
[INFO] [stdout] error[E0433]: failed to resolve: use of undeclared crate or module `deck_cards`
[INFO] [stdout]    --> src/operations/cards.rs:123:37
[INFO] [stdout]     |
[INFO] [stdout] 123 | ...                   deck_cards::ScoreValue::FIVE => ScoreValue::Five,
[INFO] [stdout]     |                       ^^^^^^^^^^ use of undeclared crate or module `deck_cards`
[INFO] [stdout] 
[INFO] [stdout] 
[INFO] [stdout] error[E0433]: failed to resolve: use of undeclared crate or module `edit_card_link`
[INFO] [stdout]    --> src/operations/cards.rs:161:52
[INFO] [stdout]     |
[INFO] [stdout] 161 |                         &EditCardLink::build_query(edit_card_link::Variables {
[INFO] [stdout]     |                                                    ^^^^^^^^^^^^^^ use of undeclared crate or module `edit_card_link`
[INFO] [stdout] 
[INFO] [stdout] 
[INFO] [stdout] error[E0433]: failed to resolve: use of undeclared crate or module `delete_card`
[INFO] [stdout]    --> src/operations/cards.rs:201:50
[INFO] [stdout]     |
[INFO] [stdout] 201 |                         &DeleteCard::build_query(delete_card::Variables {
[INFO] [stdout]     |                                                  ^^^^^^^^^^^ use of undeclared crate or module `delete_card`
[INFO] [stdout] 
[INFO] [stdout] 
[INFO] [stdout] error[E0433]: failed to resolve: use of undeclared crate or module `create_deck`
[INFO] [stdout]   --> src/operations/decks.rs:48:50
[INFO] [stdout]    |
[INFO] [stdout] 48 |                         &CreateDeck::build_query(create_deck::Variables { name, language }),
[INFO] [stdout]    |                                                  ^^^^^^^^^^^ use of undeclared crate or module `create_deck`
[INFO] [stdout] 
[INFO] [stdout] 
[INFO] [stdout] error[E0433]: failed to resolve: use of undeclared crate or module `user_decks`
[INFO] [stdout]   --> src/operations/decks.rs:94:49
[INFO] [stdout]    |
[INFO] [stdout] 94 |                         &UserDecks::build_query(user_decks::Variables { username }),
[INFO] [stdout]    |                                                 ^^^^^^^^^^ use of undeclared crate or module `user_decks`
[INFO] [stdout] 
[INFO] [stdout] 
[INFO] [stdout] error[E0433]: failed to resolve: use of undeclared crate or module `delete_deck`
[INFO] [stdout]    --> src/operations/decks.rs:139:50
[INFO] [stdout]     |
[INFO] [stdout] 139 |                         &DeleteDeck::build_query(delete_deck::Variables { id: deck_id as i64 }),
[INFO] [stdout]     |                                                  ^^^^^^^^^^^ use of undeclared crate or module `delete_deck`
[INFO] [stdout] 
[INFO] [stdout] 
[INFO] [stdout] error[E0433]: failed to resolve: use of undeclared crate or module `language_list`
[INFO] [stdout]    --> src/operations/decks.rs:170:52
[INFO] [stdout]     |
[INFO] [stdout] 170 |                         &LanguageList::build_query(language_list::Variables {}),
[INFO] [stdout]     |                                                    ^^^^^^^^^^^^^ use of undeclared crate or module `language_list`
[INFO] [stdout] 
[INFO] [stdout] 
[INFO] [stdout] error[E0433]: failed to resolve: use of undeclared crate or module `rate_card`
[INFO] [stdout]   --> src/operations/session.rs:33:48
[INFO] [stdout]    |
[INFO] [stdout] 33 |                         &RateCard::build_query(rate_card::Variables {
[INFO] [stdout]    |                                                ^^^^^^^^^ use of undeclared crate or module `rate_card`
[INFO] [stdout] 
[INFO] [stdout] 
[INFO] [stdout] error[E0433]: failed to resolve: could not find `rate_card` in `session`
[INFO] [stdout]   --> src/operations/session.rs:36:62
[INFO] [stdout]    |
[INFO] [stdout] 36 | ...                   ScoreValue::Zero => session::rate_card::ScoreValue::ZERO,
[INFO] [stdout]    |                                                    ^^^^^^^^^ could not find `rate_card` in `session`
[INFO] [stdout] 
[INFO] [stdout] 
[INFO] [stdout] error[E0433]: failed to resolve: could not find `rate_card` in `session`
[INFO] [stdout]   --> src/operations/session.rs:37:61
[INFO] [stdout]    |
[INFO] [stdout] 37 | ...                   ScoreValue::One => session::rate_card::ScoreValue::ONE,
[INFO] [stdout]    |                                                   ^^^^^^^^^ could not find `rate_card` in `session`
[INFO] [stdout] 
[INFO] [stdout] 
[INFO] [stdout] error[E0433]: failed to resolve: could not find `rate_card` in `session`
[INFO] [stdout]   --> src/operations/session.rs:38:61
[INFO] [stdout]    |
[INFO] [stdout] 38 | ...                   ScoreValue::Two => session::rate_card::ScoreValue::TWO,
[INFO] [stdout]    |                                                   ^^^^^^^^^ could not find `rate_card` in `session`
[INFO] [stdout] 
[INFO] [stdout] 
[INFO] [stdout] error[E0433]: failed to resolve: could not find `rate_card` in `session`
[INFO] [stdout]   --> src/operations/session.rs:39:63
[INFO] [stdout]    |
[INFO] [stdout] 39 | ...                   ScoreValue::Three => session::rate_card::ScoreValue::THREE,
[INFO] [stdout]    |                                                     ^^^^^^^^^ could not find `rate_card` in `session`
[INFO] [stdout] 
[INFO] [stdout] 
[INFO] [stdout] error[E0433]: failed to resolve: could not find `rate_card` in `session`
[INFO] [stdout]   --> src/operations/session.rs:40:62
[INFO] [stdout]    |
[INFO] [stdout] 40 | ...                   ScoreValue::Four => session::rate_card::ScoreValue::FOUR,
[INFO] [stdout]    |                                                    ^^^^^^^^^ could not find `rate_card` in `session`
[INFO] [stdout] 
[INFO] [stdout] 
[INFO] [stdout] error[E0433]: failed to resolve: could not find `rate_card` in `session`
[INFO] [stdout]   --> src/operations/session.rs:41:62
[INFO] [stdout]    |
[INFO] [stdout] 41 | ...                   ScoreValue::Five => session::rate_card::ScoreValue::FIVE,
[INFO] [stdout]    |                                                    ^^^^^^^^^ could not find `rate_card` in `session`
[INFO] [stdout] 
[INFO] [stdout] 
[INFO] [stdout] error[E0433]: failed to resolve: use of undeclared crate or module `create_set`
[INFO] [stdout]   --> src/operations/sets.rs:45:49
[INFO] [stdout]    |
[INFO] [stdout] 45 |                         &CreateSet::build_query(create_set::Variables {
[INFO] [stdout]    |                                                 ^^^^^^^^^^ use of undeclared crate or module `create_set`
[INFO] [stdout] 
[INFO] [stdout] 
[INFO] [stdout] error[E0433]: failed to resolve: use of undeclared crate or module `user_sets`
[INFO] [stdout]   --> src/operations/sets.rs:82:48
[INFO] [stdout]    |
[INFO] [stdout] 82 |                         &UserSets::build_query(user_sets::Variables {
[INFO] [stdout]    |                                                ^^^^^^^^^ use of undeclared crate or module `user_sets`
[INFO] [stdout] 
[INFO] [stdout] 
[INFO] [stdout] error[E0433]: failed to resolve: use of undeclared crate or module `delete_set`
[INFO] [stdout]    --> src/operations/sets.rs:132:49
[INFO] [stdout]     |
[INFO] [stdout] 132 |                         &DeleteSet::build_query(delete_set::Variables {
[INFO] [stdout]     |                                                 ^^^^^^^^^^ use of undeclared crate or module `delete_set`
[INFO] [stdout] 
[INFO] [stdout] 
[INFO] [stdout] error[E0599]: no function or associated item named `build_query` found for struct `Register` in the current scope
[INFO] [stdout]   --> src/operations/authentication.rs:72:36
[INFO] [stdout]    |
[INFO] [stdout] 21 | pub struct Register;
[INFO] [stdout]    | -------------------- function or associated item `build_query` not found for this
[INFO] [stdout] ...
[INFO] [stdout] 72 |                         &Register::build_query(register::Variables { username, password }),
[INFO] [stdout]    |                                    ^^^^^^^^^^^ function or associated item not found in `Register`
[INFO] [stdout]    |
[INFO] [stdout]    = help: items from traits can only be used if the trait is implemented and in scope
[INFO] [stdout]    = note: the following trait defines an item `build_query`, perhaps you need to implement it:
[INFO] [stdout]            candidate #1: `GraphQLQuery`
[INFO] [stdout] 
[INFO] [stdout] 
[INFO] [stdout] error[E0599]: no function or associated item named `build_query` found for struct `CreateCard` in the current scope
[INFO] [stdout]   --> src/operations/cards.rs:47:38
[INFO] [stdout]    |
[INFO] [stdout] 27 |         pub struct $query;
[INFO] [stdout]    |         ------------------ function or associated item `build_query` not found for this
[INFO] [stdout] ...
[INFO] [stdout] 47 |                         &CreateCard::build_query(create_card::Variables {
[INFO] [stdout]    |                                      ^^^^^^^^^^^ function or associated item not found in `CreateCard`
[INFO] [stdout]    |
[INFO] [stdout]    = help: items from traits can only be used if the trait is implemented and in scope
[INFO] [stdout]    = note: the following trait defines an item `build_query`, perhaps you need to implement it:
[INFO] [stdout]            candidate #1: `GraphQLQuery`
[INFO] [stdout] 
[INFO] [stdout] 
[INFO] [stdout] error[E0599]: no function or associated item named `build_query` found for struct `DeckCards` in the current scope
[INFO] [stdout]   --> src/operations/cards.rs:85:37
[INFO] [stdout]    |
[INFO] [stdout] 27 |         pub struct $query;
[INFO] [stdout]    |         ------------------ function or associated item `build_query` not found for this
[INFO] [stdout] ...
[INFO] [stdout] 85 |                         &DeckCards::build_query(deck_cards::Variables {
[INFO] [stdout]    |                                     ^^^^^^^^^^^ function or associated item not found in `DeckCards`
[INFO] [stdout]    |
[INFO] [stdout]    = help: items from traits can only be used if the trait is implemented and in scope
[INFO] [stdout]    = note: the following trait defines an item `build_query`, perhaps you need to implement it:
[INFO] [stdout]            candidate #1: `GraphQLQuery`
[INFO] [stdout] 
[INFO] [stdout] 
[INFO] [stdout] error[E0599]: no function or associated item named `build_query` found for struct `EditCardLink` in the current scope
[INFO] [stdout]    --> src/operations/cards.rs:161:40
[INFO] [stdout]     |
[INFO] [stdout] 27  |         pub struct $query;
[INFO] [stdout]     |         ------------------ function or associated item `build_query` not found for this
[INFO] [stdout] ...
[INFO] [stdout] 161 |                         &EditCardLink::build_query(edit_card_link::Variables {
[INFO] [stdout]     |                                        ^^^^^^^^^^^ function or associated item not found in `EditCardLink`
[INFO] [stdout]     |
[INFO] [stdout]     = help: items from traits can only be used if the trait is implemented and in scope
[INFO] [stdout]     = note: the following trait defines an item `build_query`, perhaps you need to implement it:
[INFO] [stdout]             candidate #1: `GraphQLQuery`
[INFO] [stdout] 
[INFO] [stdout] 
[INFO] [stdout] error[E0599]: no function or associated item named `build_query` found for struct `DeleteCard` in the current scope
[INFO] [stdout]    --> src/operations/cards.rs:201:38
[INFO] [stdout]     |
[INFO] [stdout] 27  |         pub struct $query;
[INFO] [stdout]     |         ------------------ function or associated item `build_query` not found for this
[INFO] [stdout] ...
[INFO] [stdout] 201 |                         &DeleteCard::build_query(delete_card::Variables {
[INFO] [stdout]     |                                      ^^^^^^^^^^^ function or associated item not found in `DeleteCard`
[INFO] [stdout]     |
[INFO] [stdout]     = help: items from traits can only be used if the trait is implemented and in scope
[INFO] [stdout]     = note: the following trait defines an item `build_query`, perhaps you need to implement it:
[INFO] [stdout]             candidate #1: `GraphQLQuery`
[INFO] [stdout] 
[INFO] [stdout] 
[INFO] [stdout] error[E0599]: no function or associated item named `build_query` found for struct `CreateDeck` in the current scope
[INFO] [stdout]   --> src/operations/decks.rs:48:38
[INFO] [stdout]    |
[INFO] [stdout] 29 |         pub struct $query;
[INFO] [stdout]    |         ------------------ function or associated item `build_query` not found for this
[INFO] [stdout] ...
[INFO] [stdout] 48 |                         &CreateDeck::build_query(create_deck::Variables { name, language }),
[INFO] [stdout]    |                                      ^^^^^^^^^^^ function or associated item not found in `CreateDeck`
[INFO] [stdout]    |
[INFO] [stdout]    = help: items from traits can only be used if the trait is implemented and in scope
[INFO] [stdout]    = note: the following trait defines an item `build_query`, perhaps you need to implement it:
[INFO] [stdout]            candidate #1: `GraphQLQuery`
[INFO] [stdout] 
[INFO] [stdout] 
[INFO] [stdout] error[E0599]: no function or associated item named `build_query` found for struct `UserDecks` in the current scope
[INFO] [stdout]   --> src/operations/decks.rs:94:37
[INFO] [stdout]    |
[INFO] [stdout] 29 |         pub struct $query;
[INFO] [stdout]    |         ------------------ function or associated item `build_query` not found for this
[INFO] [stdout] ...
[INFO] [stdout] 94 |                         &UserDecks::build_query(user_decks::Variables { username }),
[INFO] [stdout]    |                                     ^^^^^^^^^^^ function or associated item not found in `UserDecks`
[INFO] [stdout]    |
[INFO] [stdout]    = help: items from traits can only be used if the trait is implemented and in scope
[INFO] [stdout]    = note: the following trait defines an item `build_query`, perhaps you need to implement it:
[INFO] [stdout]            candidate #1: `GraphQLQuery`
[INFO] [stdout] 
[INFO] [stdout] 
[INFO] [stdout] error[E0599]: no function or associated item named `build_query` found for struct `DeleteDeck` in the current scope
[INFO] [stdout]    --> src/operations/decks.rs:139:38
[INFO] [stdout]     |
[INFO] [stdout] 29  |         pub struct $query;
[INFO] [stdout]     |         ------------------ function or associated item `build_query` not found for this
[INFO] [stdout] ...
[INFO] [stdout] 139 |                         &DeleteDeck::build_query(delete_deck::Variables { id: deck_id as i64 }),
[INFO] [stdout]     |                                      ^^^^^^^^^^^ function or associated item not found in `DeleteDeck`
[INFO] [stdout]     |
[INFO] [stdout]     = help: items from traits can only be used if the trait is implemented and in scope
[INFO] [stdout]     = note: the following trait defines an item `build_query`, perhaps you need to implement it:
[INFO] [stdout]             candidate #1: `GraphQLQuery`
[INFO] [stdout] 
[INFO] [stdout] 
[INFO] [stdout] error[E0599]: no function or associated item named `build_query` found for struct `LanguageList` in the current scope
[INFO] [stdout]    --> src/operations/decks.rs:170:40
[INFO] [stdout]     |
[INFO] [stdout] 29  |         pub struct $query;
[INFO] [stdout]     |         ------------------ function or associated item `build_query` not found for this
[INFO] [stdout] ...
[INFO] [stdout] 170 |                         &LanguageList::build_query(language_list::Variables {}),
[INFO] [stdout]     |                                        ^^^^^^^^^^^ function or associated item not found in `LanguageList`
[INFO] [stdout]     |
[INFO] [stdout]     = help: items from traits can only be used if the trait is implemented and in scope
[INFO] [stdout]     = note: the following trait defines an item `build_query`, perhaps you need to implement it:
[INFO] [stdout]             candidate #1: `GraphQLQuery`
[INFO] [stdout] 
[INFO] [stdout] 
[INFO] [stdout] error[E0599]: no function or associated item named `build_query` found for struct `RateCard` in the current scope
[INFO] [stdout]   --> src/operations/session.rs:33:36
[INFO] [stdout]    |
[INFO] [stdout] 20 | pub struct RateCard;
[INFO] [stdout]    | -------------------- function or associated item `build_query` not found for this
[INFO] [stdout] ...
[INFO] [stdout] 33 |                         &RateCard::build_query(rate_card::Variables {
[INFO] [stdout]    |                                    ^^^^^^^^^^^ function or associated item not found in `RateCard`
[INFO] [stdout]    |
[INFO] [stdout]    = help: items from traits can only be used if the trait is implemented and in scope
[INFO] [stdout]    = note: the following trait defines an item `build_query`, perhaps you need to implement it:
[INFO] [stdout]            candidate #1: `GraphQLQuery`
[INFO] [stdout] 
[INFO] [stdout] 
[INFO] [stdout] error[E0599]: no function or associated item named `build_query` found for struct `CreateSet` in the current scope
[INFO] [stdout]   --> src/operations/sets.rs:45:37
[INFO] [stdout]    |
[INFO] [stdout] 23 |         pub struct $query;
[INFO] [stdout]    |         ------------------ function or associated item `build_query` not found for this
[INFO] [stdout] ...
[INFO] [stdout] 45 |                         &CreateSet::build_query(create_set::Variables {
[INFO] [stdout]    |                                     ^^^^^^^^^^^ function or associated item not found in `CreateSet`
[INFO] [stdout]    |
[INFO] [stdout]    = help: items from traits can only be used if the trait is implemented and in scope
[INFO] [stdout]    = note: the following trait defines an item `build_query`, perhaps you need to implement it:
[INFO] [stdout]            candidate #1: `GraphQLQuery`
[INFO] [stdout] 
[INFO] [stdout] 
[INFO] [stdout] error[E0599]: no function or associated item named `build_query` found for struct `UserSets` in the current scope
[INFO] [stdout]   --> src/operations/sets.rs:82:36
[INFO] [stdout]    |
[INFO] [stdout] 23 |         pub struct $query;
[INFO] [stdout]    |         ------------------ function or associated item `build_query` not found for this
[INFO] [stdout] ...
[INFO] [stdout] 82 |                         &UserSets::build_query(user_sets::Variables {
[INFO] [stdout]    |                                    ^^^^^^^^^^^ function or associated item not found in `UserSets`
[INFO] [stdout]    |
[INFO] [stdout]    = help: items from traits can only be used if the trait is implemented and in scope
[INFO] [stdout]    = note: the following trait defines an item `build_query`, perhaps you need to implement it:
[INFO] [stdout]            candidate #1: `GraphQLQuery`
[INFO] [stdout] 
[INFO] [stdout] 
[INFO] [stdout] error[E0599]: no function or associated item named `build_query` found for struct `DeleteSet` in the current scope
[INFO] [stdout]    --> src/operations/sets.rs:132:37
[INFO] [stdout]     |
[INFO] [stdout] 23  |         pub struct $query;
[INFO] [stdout]     |         ------------------ function or associated item `build_query` not found for this
[INFO] [stdout] ...
[INFO] [stdout] 132 |                         &DeleteSet::build_query(delete_set::Variables {
[INFO] [stdout]     |                                     ^^^^^^^^^^^ function or associated item not found in `DeleteSet`
[INFO] [stdout]     |
[INFO] [stdout]     = help: items from traits can only be used if the trait is implemented and in scope
[INFO] [stdout]     = note: the following trait defines an item `build_query`, perhaps you need to implement it:
[INFO] [stdout]             candidate #1: `GraphQLQuery`
[INFO] [stdout] 
[INFO] [stdout] 
[INFO] [stdout] error: aborting due to 64 previous errors
[INFO] [stdout] 
[INFO] [stdout] 
[INFO] [stdout] Some errors have detailed explanations: E0433, E0599.
[INFO] [stdout] 
[INFO] [stdout] For more information about an error, try `rustc --explain E0433`.
[INFO] [stdout] 
[INFO] [stderr] error: could not compile `total-recall-web`
[INFO] [stderr] 
[INFO] [stderr] To learn more, run the command again with --verbose.
[INFO] running `Command { std: "docker" "inspect" "f1da1d949425bf5aa226d73732945bc73f8311b8b5adf6abeff5582b0ef965cf", kill_on_drop: false }`
[INFO] running `Command { std: "docker" "rm" "-f" "f1da1d949425bf5aa226d73732945bc73f8311b8b5adf6abeff5582b0ef965cf", kill_on_drop: false }`
[INFO] [stdout] f1da1d949425bf5aa226d73732945bc73f8311b8b5adf6abeff5582b0ef965cf
